5*z. Calculate the greatest common divisor of 132 and z.
12
Let h(v) = -v**2 - 10*v - 6. Let r be h(-9). Suppose 12 = a - 5*p, 28 + 20 = 4*a - r*p. Calculate the greatest common factor of 18 and a.
6
Let h(c) = 5*c**2 + 226*c - 255. Let z be h(-47). Let x(s) = -8*s - 16. Let q be x(-8). Calculate the greatest common factor of q and z.
24
Suppose -118 + 268 = 3*l. Let x be 131/2 - l/(-100). Calculate the greatest common divisor of 6 and x.
6
Let m be (1 + 1)*(-6 - -7)*-2. Let k(w) = -w**2 - 7*w - 4. Let t be k(m). Calculate the highest common factor of t and 88.
8
Let o(h) = h**3 + h**2 + h - 6. Suppose 28*a + 63 = 49*a. Let s be o(a). Calculate the highest common factor of s and 12.
3
Let a be ((-12)/(-2))/((-14 + 14031/1002)*4). What is the highest common factor of 5177 and a?
167
Suppose -4*x - 282 = 198. Let r be x/(-11) + (-71)/(-781). Calculate the greatest common factor of 737 and r.
11
Let d be 20 + 2/1 + 20/(-5). Let j = -9 - -11. Let a be 41/j - d/12. What is the greatest common factor of a and 133?
19
Let w = 7380 + -4743. What is the greatest common factor of w and 9?
9
Let q be 82 + (-19 - (0 - 17)). What is the greatest common factor of q and 3580?
20
Let i = 219 - 215. Suppose -9*f + 8 = -11*f, -i*h - f + 188 = 0. What is the highest common factor of h and 552?
24
Suppose 57 = 2*i - 5*w, 0 = 2*i + 3*i - w - 177. Let j(o) = -o**3 - 14*o**2 - 39*o + 8. Let u be j(-4). Calculate the highest common factor of i and u.
4
Let n be ((-364)/(-3))/(-4)*-6. Suppose 1260 = -101*w - 163*w + 28716. Calculate the greatest common divisor of w and n.
26
Suppose 8*p - 1 = 5*p - 4*b, -4*b - 20 = -4*p. Suppose 214 = p*o - 101. Let f = 29 + -8. Calculate the greatest common factor of o and f.
21
Let u(g) = -g**3 - 118*g**2 - 469*g + 142. Let v be u(-115). What is the highest common factor of 38 and v?
38
Let o(b) = 24*b - 5. Let s be o(1). Let x(n) = -n**3 - 20*n**2 + 18*n - 24. Let z be x(-21). Let c = z + -20. What is the highest common divisor of s and c?
19
Let u(j) = 4*j**2 + 34*j - 207. Let v be u(10). What is the greatest common factor of 650 and v?
13
Suppose 131*g = 140*g - 12159. What is the highest common factor of 35 and g?
7
Suppose 0 = 64*s - 110715 - 98360 + 49139. Calculate the highest common divisor of s and 735.
147
Let u = 137 - 116. Let t be (-660)/(-35) - (-3)/u. What is the greatest common factor of 171 and t?
19
Suppose 50*v = 39*v + 726. Suppose 0 = 24*m - 13*m - v. What is the greatest common factor of 69 and m?
3
Let c(m) = m**2 + 8*m - 6. Let j be c(-9). Suppose -7*q = -6*q - j. Let l be 3 + (-13)/(q/(-3)). What is the highest common factor of 176 and l?
16
Suppose g - 4 = -l, -10*g - 5 = -5*g. Let j(m) = m**3 - 5*m**2 + 5*m + 1. Let v be j(l). What is the highest common factor of v and 2?
2
Let a(h) = 2*h**2 - 57*h - 275. Let d be a(35). What is the highest common factor of 192 and d?
12
Let r = -8085 + 8117. Calculate the highest common divisor of r and 6.
2
Let n = 5809 + -5501. What is the greatest common divisor of 242 and n?
22
Let q(b) = 36*b**2 + 49*b - 113. Let l be q(2). Calculate the greatest common divisor of l and 1763.
43
Suppose 3*j - 3*d = 2*d + 320, 0 = 5*j + 2*d - 523. Suppose 0 = -2*l - l - 3. Let x be 14 - (l + (-2 - -2)). What is the highest common factor of x and j?
15
Let k be (580/87)/((-16)/(-12)). Let z(n) = -3*n - 3. Let g be z(-2). What is the highest common factor of k and g?
1
Let w(o) be the third derivative of 1/60*o**5 + 0*o + 5/3*o**3 + 7*o**2 + 0 - 1/6*o**4. Let f be w(4). What is the greatest common divisor of f and 25?
5
Let x(q) = 18*q**2 + 3*q + 4. Let j = -206 + 205. Let d be x(j). What is the greatest common divisor of 171 and d?
19
Let s = 305 + -111. Suppose -15*x + 136 + s = 0. What is the greatest common divisor of 88 and x?
22
Suppose -97*o + 34609 - 13027 + 26142 = 0. Calculate the highest common factor of o and 240.
12
Let c(t) = -2 - 21 + 201*t - 205*t. Let d = 14 + -21. Let u be c(d). What is the highest common divisor of u and 5?
5
Let u(h) = -h**3 - 11*h**2 - h + 4. Let t be u(-11). Let f = -58 - -59. Let s be 25 - -1 - (f + 0). What is the greatest common factor of t and s?
5
Suppose 173*m - 355383 = 112236. Calculate the highest common divisor of m and 510.
51
Suppose 311*o = 316*o - 295. What is the greatest common divisor of o and 4779?
59
Suppose -5*a - 4*i + 4945 = 0, 12*i - 4900 = -5*a + 17*i. What is the greatest common divisor of a and 5?
5
Suppose 0 = 3*a + 3*i - 2*i - 1896, 0 = -2*a + 3*i + 1275. Let r = -579 + a. Let p = -10 - -16. What is the highest common factor of p and r?
6
Let q = -9114 - -9154. Let j(c) = -10*c. Suppose 4*m + 40 = 2*r, 3*m + 5*r = -0*r - 30. Let g be j(m). Calculate the highest common factor of q and g.
20
Let g(z) = -z**3 - 10*z**2 + 14*z + 9. Let p be 6/15 - (-2 - (-134)/10). Let l be g(p). Let a = l - -280. Calculate the greatest common divisor of 16 and a.
16
Let q = 19853 + -19838. What is the greatest common divisor of 8535 and q?
15
Let p(k) = 285*k + 1. Let z be p(-1). Let t = z + 358. What is the highest common divisor of t and 2?
2
Let z be (6/4)/((-3)/(-12)). Suppose -4*g = c - 47, -c = -3*g - z*c + 48. What is the highest common factor of 143 and g?
11
Suppose 22*o - 2117 - 263 = 8*o. What is the highest common factor of o and 1088?
34
Suppose 0 = 75*p - 73910 + 12635. Calculate the greatest common factor of 38 and p.
19
Suppose 3*a - 1082 + 59 = -28*a. Suppose -4*b - 4*n + 88 = 0, 88 = 4*b + n - 4*n. What is the greatest common factor of a and b?
11
Suppose 0 = -3*q + 5*c + 199 + 326, 0 = -5*q + 3*c + 891. What is the highest common factor of q and 240?
60
Let z(t) be the second derivative of 2*t**4/3 + t**3 - 17*t**2/2 - 22*t. Let h be z(4). Calculate the highest common factor of h and 6.
3
Suppose -25*t + 29*t - 132 = -2*r, 33 = t + 2*r. Calculate the greatest common divisor of t and 187.
11
Suppose 16868 = 3*x - 9*s + 11*s, -3*s - 28088 = -5*x. Suppose 0 = -19*j - 376 + x. Calculate the greatest common divisor of 12 and j.
12
Suppose 17*c - 8*c = 189. Let m(t) = 2*t. Let y be m(-4). Let q = 6 - y. What is the greatest common divisor of c and q?
7
Let u(c) = -3*c**3 - 6*c**2 - c + 17. Let k be u(-8). Suppose -k = -2*v - 231. What is the greatest common factor of v and 22?
11
Suppose 105 = 4*b - m - 16, -m - 1 = 0. What is the greatest common divisor of b and 870?
30
Suppose 83*x - 1696 = 75*x. What is the highest common factor of 36 and x?
4
Let v = -174 + 185. Suppose 12*s - 17 = v*s. Suppose 4*b + 5 = -3*o, -4*b + 5*o + 21 - 2 = 0. What is the greatest common divisor of s and b?
1
Let h(p) be the second derivative of p**5/20 + p**4 - 17*p**3/3 - 22*p**2 + 49*p. Let d be h(-14). Calculate the greatest common divisor of 100 and d.
20
Let r = -23 - -37. Suppose 11*k = r*k - 267. Suppose -8*f + k + 271 = 0. Calculate the highest common divisor of f and 5.
5
Let o be (-3)/(24/(-286))*4. Let f = 148 - 84. Suppose f*p + 65 = 69*p. What is the greatest common divisor of p and o?
13
Suppose 32*d + 25 = 27*d, 4*r + d = 35635. What is the highest common factor of r and 66?
66
Let q be (-4)/(-5 + 9 - 9 - 3956/(-792)). What is the greatest common factor of 6 and q?
6
Suppose 6*y = -10 - 14. Let i be (y - -4)*(-1)/(-1 - 0). Suppose 2*c - 6*c + 64 = k, i = 3*k - 4*c - 160. What is the greatest common factor of k and 14?
14
Suppose 3261 = 5*l - j, 0 = 5*j + 15 - 35. Suppose -l = -13*p + 88. Calculate the greatest common factor of 323 and p.
19
Suppose 508 = -11*q + 2653. What is the highest common divisor of 645 and q?
15
Let o(d) = 11 - 2*d + d**2 - 6 + 2 + 2. Let u be o(0). What is the highest common factor of 99 and u?
9
Suppose 252*c + 79170 = 462*c. Calculate the greatest common factor of 812 and c.
29
Let f be 20*1*(-48)/120. Let d be 7 - 6 - (f/(-2) - 81). Calculate the greatest common divisor of d and 442.
26
Suppose -3*n = 2*n - 4*z - 101, -5*z = 20. Let x = -317 - -320. Let o be (x - 1)/((-717)/(-102) - 7). What is the greatest common factor of o and n?
17
Suppose 4*g - 4*x = 72, g + 3*x + 71 = 5*g. Suppose -69*s = -68*s - 391. Calculate the greatest common divisor of s and g.
17
Suppose 12 = -5*f - 3*h, 1 = 2*f - 4*h + 11. Let d be -62*f*4/24. Calculate the greatest common factor of d and 496.
31
Let p = -9399 + 9724. Wh